 + 10211?
20012
In base 15, what is -38 - 5?
-3d
In base 3, what is -10 + 102122?
102112
In base 8, what is 146 - 0?
146
In base 4, what is 3333 + 120?
10113
In base 8, what is -1 + -344?
-345
In base 8, what is -115 + 537?
422
In base 3, what is -1112222222 + -12?
-1120000011
In base 2, what is -110100010011 + -10?
-110100010101
In base 11, what is 50 + -1?
4a
In base 5, what is 113 - 1?
112
In base 3, what is -11 + -21220201?
-21220212
In base 11, what is 1025 - -2?
1027
In base 12, what is -58 + -15?
-71
In base 4, what is -113 - 1111?
-1230
In base 6, what is 5 + -124?
-115
In base 12, what is -6a + -6?
-74
In base 3, what is 10 + -11111?
-11101
In base 2, what is 100110 - -110011?
1011001
In base 10, what is -1620 - 2?
-1622
In base 12, what is 79 + 5?
82
In base 11, what is 1a4 - -12?
206
In base 13, what is -4 - -47?
43
In base 16, what is 19 - 88?
-6f
In base 16, what is -38 + -17?
-4f
In base 7, what is 1016 + -52?
634
In base 8, what is 50 - -1?
51
In base 9, what is -4 + 111?
106
In base 15, what is 1 - -326?
327
In base 10, what is 2 - 938?
-936
In base 14, what is -c64 + 4?
-c60
In base 5, what is -1 - 4302?
-4303
In base 15, what is -5 - -980?
97a
In base 7, what is -362 - -1?
-361
In base 7, what is 6122 - -4?
6126
In base 3, what is 0 - -202122?
202122
In base 4, what is 1000302 + 10?
1000312
In base 15, what is 39d + a?
3a8
In base 5, what is 110 + 22?
132
In base 14, what is -38 - -b?
-2b
In base 6, what is 15 - 452?
-433
In base 2, what is -1 + 10100000?
10011111
In base 14, what is -1 - 355?
-356
In base 4, what is 3 + 1113?
1122
In base 6, what is 150 + -14?
132
In base 16, what is -170 - -4?
-16c
In base 14, what is -22 + d?
-13
In base 11, what is -6401 - -3?
-63a9
In base 12, what is -17 + -208?
-223
In base 13, what is -257 + 54?
-203
In base 9, what is -5602 - -2?
-5600
In base 12, what is 27b - -1?
280
In base 14, what is 189 + 2?
18b
In base 3, what is -20 - 2111012?
-2111102
In base 4, what is 1233110 - -2?
1233112
In base 13, what is 188 - 0?
188
In base 12, what is 20 - 28?
-8
In base 10, what is -20 - -335?
315
In base 2, what is 100 - -111?
1011
In base 5, what is -231 + 240?
4
In base 13, what is -b - -1b?
10
In base 15, what is -5 + a27?
a22
In base 2, what is -1110011 + 11100?
-1010111
In base 13, what is 417 + -a?
40a
In base 5, what is 442 - -3?
1000
In base 10, what is 2 - 14?
-12
In base 3, what is -1111 - 212?
-2100
In base 12, what is 9a + -8?
92
In base 8, what is -346 - 13?
-361
In base 16, what is 1fe - -3?
201
In base 13, what is 4 - -39?
40
In base 3, what is 11 + -102020?
-102002
In base 6, what is -241320 - -2?
-241314
In base 14, what is 11ac - -4?
11b2
In base 11, what is -9 - -4a3?
495
In base 8, what is -4 - 323?
-327
In base 13, what is 21 + 1a0?
1c1
In base 13, what is 5 + -135?
-130
In base 14, what is -b + -1?
-c
In base 13, what is -108 + -4?
-10c
In base 4, what is 30032 + -10?
30022
In base 2, what is -11001 + -10001?
-101010
In base 11, what is -4a + -15?
-64
In base 5, what is -1 + -20042?
-20043
In base 16, what is -1f8 + -4?
-1fc
In base 9, what is 2 - -43?
45
In base 13, what is 2 + -338?
-336
In base 8, what is 2727 + -4?
2723
In base 8, what is -100 - -51?
-27
In base 2, what is -11000011101 + -10?
-11000011111
In base 9, what is -486 + 15?
-471
In base 9, what is 0 - -1?
1
In base 14, what is 992 + 5?
997
In base 12, what is -131a + 0?
-131a
In base 10, what is 4711 + -3?
4708
In base 9, what is -347 - 1?
-348
In base 4, what is 3013132 + -10?
3013122
In base 15, what is -8e2 + 3?
-8de
In base 2, what is 1 + -10101?
-10100
In base 9, what is -41 - -10?
-31
In base 13, what is 2 + 21c?
221
In base 4, what is 20 + -133?
-113
In base 15, what is -1 + -180?
-181
In base 11, what is 14 - -1?
15
In base 9, what is -603 - 5?
-608
In base 6, what is -2 + 15?
13
In base 2, what is -10 - -1011011111?
1011011101
In base 4, what is -23 - -102?
13
In base 16, what is 3b - -10?
4b
In base 8, what is 2451 + 0?
2451
In base 9, what is 20505 - 4?
20501
In base 6, what is 3205 - 0?
3205
In base 8, what is 4 + 767?
773
In base 10, what is -5 + -31?
-36
In base 5, what is -4 + 3020?
3011
In base 9, what is -4 + -178?
-183
In base 12, what is -b37 + -3?
-b3a
In base 15, what is 1b + -9?
12
In base 6, what is -105 + -1030?
-1135
In base 15, what is 13 + 4ab?
4be
In base 2, what is -111101 + 100?
-111001
In base 13, what is 6 - -1229?
1232
In base 2, what is 11100011010000 - -11?
11100011010011
In base 5, what is 3 + -41124?
-41121
In base 12, what is 21 - 0?
21
In base 4, what is 12311 + 1?
12312
In base 6, what is 154 + -15?
135
In base 3, what is 2111 - 2?
2102
In base 16, what is 1af2 + -2?
1af0
In base 8, what is 4 - 275?
-271
In base 16, what is 1 + -db?
-da
In base 4, what is 1012 + 31?
1103
In base 6, what is -455 + 5?
-450
In base 8, what is 4 + -263?
-257
In base 15, what is -228 - 3?
-22b
In base 2, what is -1 - -10101?
10100
In base 4, what is -3 - 223?
-232
In base 12, what is -4 + 261?
259
In base 2, what is -1010011 + 100?
-1001111
In base 6, what is 5305 - -13?
5322
In base 2, what is 1011010 + -10101?
1000101
In base 2, what is 101 - 101101?
-101000
In base 11, what is -1903 - 3?
-1906
In base 9, what is 33 + -1?
32
In base 8, what is 7 + -1023?
-1014
In base 8, what is -25344 - 0?
-25344
In base 3, what is -1210002 - -21?
-1202211
In base 5, what is 1 + -1221?
-1220
In base 12, what is -41 - -3?
-3a
In base 8, what is -44 + 600?
534
In base 5, what is 21423 + -10?
21413
In base 8, what is -4 - 4?
-10
In base 9, what is 1151 - -8?
1160
In base 2, what is 110111010001100 - -1?
110111010001101
In base 9, what is -1 + -305?
-306
In base 14, what is 2 + -d?
-b
In base 13, what is 148 - 0?
148
In base 3, what is -10011 - -122?
-2112
In base 2, what is -11011110 + 110000?
-10101110
In base 8, what is 6 - -103?
111
In base 16, what is 3 + 63?
66
In base 2, what is 110 - -10000?
10110
In base 14, what is 2 - 177?
-175
In base 12, what is -6 + -14?
-1a
In base 7, what is -435 + 23?
-412
In base 5, what is 24434 - 2?
24432
In base 16, what is 1 - -92?
93
In base 13, what is -401 + -4?
-405
In base 4, what is 2232 + 13?
2311
In base 15, what is -13a + 5?
-135
In base 2, what is -11000 - 100100101?
-100111101
In base 13, what is -6996 + -1?
-6997
In base 6, what is 4 - 0?
4
In base 11, what is -2 + 36?
34
In base 13, what is 871 - -5?
876
In base 10, what is 322 - 15?
307
In base 6, what is 1153 + 3?
1200
In base 16, what is -4 - -2b?
27
In base 16, what is 2 - b?
-9
In base 5, what is 30014 + -3?
30011
In base 15, what is 186 - -4?
18a
In base 15, what is 2 + 38b?
38d
In base 11, what is 5 + 1682?
1687
In base 6, what is 5 - 10?
-1
In base 10, what is 821 + -6?
815
In base 15, what is e + 5?
14
In base 4, what is 1303 + 101?
2010
In base 3, what is 11 - 121110?
-121022
In base 3, what is -211 + -1?
-212
In base 13, what is -3 - 2b?
-31
In base 10, what is 44 - -2?
46
In base 16, what is -12 + 8?
-a
In base 5, what is 0 + 13243?
13243
In base 8, what is 37 + -527?
-470
In base 7, what is 1 + -162?
-161
In base 3, what is 1120 - -1000?
2120
In base 13, what is -3 + 5a?
57
In base 8, what is -101 - 65?
-166
In base 8, what is -5 + -1060?
-1065
In base 5, what is 12 + -4?
3
In base 11, what is -312 + 2?
-310
In base 5, what is 1 - -14?
20
In base 6, what is 210 + 31?
241
In base 2, what is 100011100101 + -10?
100011100011
In base 5, what is 13 + 11123?
11141
In base 14, what is 2 + -22?
-20
In base 14, what is -1aa - 4?
-1b0
In base 8, what is -52 + -10?
-62
In base 7, what is -4 + -33?
-40
In base 12, what is 3 + 1a82?
1a85
In base 16, what is 2 - 37?
-35
In base 10, what is -697 + 0?
-697
In base 12, what is -5 - 686?
-68b
In base 3, what is 112002 + 1?
112010
In base 14, what is 6 - b5?
-ad
In base 11, what is -25 - 6?
-30
In base 13, what is 3 - -a34?
a37
In base 14, what is 0 + -5d?
-5d
In base 16, what is -90c + -3?
-90f
In base 5, what is -111 - 4?
-120
In base 6, what is 1 - 203?
-202
In base 5, what is -4 + -20300?
-20304
In base 5, what is 0 - -3130?
3130
In base 14, what is -54 + 8?
-4a
In base 6, what is -10 + -535?
-545
In base 8, what is 0 + -14?
-14
In base 15, what is 0 - e81?
-e81
In base 15, what is -73 + 0?
-73
In base 4, what is -223 - -31?
-132
In base 7, what is -2 - 52?